factor of 440 and 55?
55
Calculate the highest common divisor of 44 and 3916.
44
What is the greatest common divisor of 756 and 18?
18
What is the highest common factor of 85 and 595?
85
What is the greatest common divisor of 1 and 79?
1
Calculate the greatest common factor of 258 and 129.
129
Calculate the greatest common divisor of 168 and 13692.
84
Calculate the greatest common divisor of 3400 and 120.
40
Calculate the greatest common divisor of 9 and 423.
9
What is the highest common factor of 18 and 4824?
18
What is the highest common factor of 448 and 14?
14
Calculate the greatest common factor of 84 and 2282.
14
What is the greatest common divisor of 9 and 18?
9
Calculate the highest common divisor of 1038 and 865.
173
Calculate the highest common divisor of 455 and 70.
35
What is the highest common divisor of 752 and 47?
47
What is the highest common factor of 5050 and 202?
202
What is the greatest common divisor of 1545 and 165?
15
Calculate the highest common divisor of 52 and 8.
4
Calculate the highest common factor of 196 and 160.
4
What is the highest common factor of 124 and 682?
62
Calculate the highest common divisor of 332 and 3818.
166
What is the greatest common divisor of 33 and 4983?
33
Calculate the highest common factor of 5136 and 107.
107
What is the greatest common factor of 301 and 430?
43
Calculate the greatest common factor of 14 and 14.
14
What is the highest common factor of 2277 and 297?
99
What is the highest common divisor of 425 and 1615?
85
Calculate the greatest common divisor of 33 and 4191.
33
Calculate the highest common divisor of 194 and 12.
2
Calculate the highest common factor of 638 and 58.
58
What is the greatest common factor of 16 and 3544?
8
Calculate the highest common divisor of 3636 and 144.
36
Calculate the highest common divisor of 2256 and 48.
48
What is the highest common factor of 532 and 4902?
38
Calculate the highest common factor of 53109 and 189.
189
What is the highest common divisor of 146 and 2?
2
What is the greatest common factor of 44 and 8228?
44
What is the greatest common divisor of 2752 and 10?
2
What is the greatest common divisor of 3484 and 201?
67
Calculate the highest common factor of 2646 and 714.
42
What is the highest common factor of 96 and 64?
32
Calculate the highest common divisor of 184 and 8.
8
Calculate the highest common factor of 558 and 18.
18
What is the highest common divisor of 4460 and 4?
4
What is the highest common divisor of 392 and 588?
196
What is the highest common divisor of 150 and 2175?
75
Calculate the highest common divisor of 220 and 80.
20
Calculate the highest common factor of 216 and 384.
24
What is the greatest common factor of 20 and 610?
10
What is the highest common factor of 1218 and 348?
174
Calculate the highest common divisor of 1921 and 17.
17
Calculate the highest common divisor of 29391 and 606.
303
Calculate the highest common divisor of 5866 and 28.
14
Calculate the greatest common factor of 36 and 153.
9
Calculate the highest common factor of 1392 and 29.
29
Calculate the highest common divisor of 22 and 11869.
11
What is the highest common divisor of 85 and 4165?
85
What is the greatest common factor of 300 and 3012?
12
What is the highest common factor of 12 and 616?
4
Calculate the highest common divisor of 44 and 11.
11
Calculate the highest common divisor of 603 and 469.
67
Calculate the highest common divisor of 242 and 5632.
22
Calculate the highest common divisor of 35 and 745.
5
What is the highest common factor of 150 and 60?
30
Calculate the greatest common factor of 147 and 399.
21
What is the greatest common divisor of 101 and 101?
101
Calculate the greatest common divisor of 772 and 20.
4
Calculate the greatest common factor of 5424 and 4.
4
Calculate the highest common divisor of 2704 and 169.
169
Calculate the highest common factor of 312 and 247.
13
Calculate the highest common divisor of 16932 and 204.
204
What is the greatest common divisor of 1036 and 74?
74
Calculate the highest common divisor of 20 and 2980.
20
What is the highest common divisor of 4873 and 22?
11
Calculate the highest common divisor of 70 and 1330.
70
Calculate the greatest common divisor of 4606 and 196.
98
What is the greatest common factor of 130 and 1222?
26
What is the highest common factor of 44 and 5324?
44
What is the highest common divisor of 154 and 748?
22
What is the greatest common factor of 34 and 1003?
17
What is the greatest common factor of 13035 and 60?
15
What is the greatest common divisor of 1095 and 10?
5
Calculate the greatest common divisor of 8 and 8992.
8
Calculate the highest common divisor of 1248 and 1300.
52
Calculate the highest common divisor of 320 and 100.
20
What is the greatest common divisor of 1053 and 429?
39
Calculate the greatest common factor of 327 and 13407.
327
What is the greatest common factor of 9318 and 12?
6
What is the greatest common factor of 625 and 85?
5
Calculate the greatest common divisor of 1639 and 44.
11
Calculate the highest common factor of 299 and 26.
13
What is the highest common divisor of 228 and 36?
12
Calculate the greatest common divisor of 66 and 18.
6
What is the highest common divisor of 3080 and 1330?
70
Calculate the highest common divisor of 256 and 5.
1
Calculate the greatest common factor of 115 and 2185.
115
Calculate the greatest common divisor of 16 and 29768.
8
What is the highest common factor of 7 and 371?
7
Calculate the greatest common divisor of 4838 and 41.
41
Calculate the highest common divisor of 1822 and 2.
2
What is the greatest common divisor of 15 and 795?
15
What is the greatest common factor of 72 and 252?
36
Calculate the greatest common factor of 2552 and 2146.
58
Calculate the highest common divisor of 49 and 1911.
49
What is the greatest common factor of 2944 and 23?
23
What is the greatest common divisor of 418 and 38?
38
Calculate the highest common divisor of 1148 and 41.
41
What is the highest common factor of 37979 and 466?
233
Calculate the greatest common factor of 60 and 880.
20
Calculate the greatest common divisor of 3 and 2049.
3
What is the highest common divisor of 11175 and 150?
75
Calculate the highest common factor of 34300 and 100.
100
Calculate the highest common divisor of 20 and 790.
10
Calculate the highest common factor of 5075 and 1624.
203
Calculate the greatest common divisor of 3 and 23.
1
Calculate the greatest common factor of 10212 and 8.
4
What is the highest common factor of 2 and 563?
1
Calculate the greatest common divisor of 244 and 183.
61
Calculate the highest common divisor of 36 and 4764.
12
What is the highest common factor of 10 and 250?
10
Calculate the greatest common factor of 2 and 622.
2
Calculate the greatest common factor of 30 and 765.
15
What is the greatest common factor of 170 and 190?
10
What is the greatest common divisor of 116 and 203?
29
Calculate the highest common factor of 434 and 14.
14
Calculate the greatest common divisor of 40 and 250.
10
Calculate the highest common factor of 20581 and 22.
11
Calculate the highest common factor of 35 and 7315.
35
What is the greatest common factor of 56 and 84?
28
Calculate the greatest common factor of 1831 and 2.
1
What is the greatest common divisor of 407 and 185?
37
Calculate the greatest common divisor of 2332 and 5300.
212
What is the highest common factor of 171 and 95?
19
Calculate the greatest common divisor of 120 and 24.
24
Calculate the highest common factor of 32 and 28.
4
What is the greatest common divisor of 1819 and 17?
17
Calculate the highest common factor of 75 and 9.
3
Calculate the greatest common divisor of 11 and 154.
11
What is the greatest common divisor of 40 and 40?
40
What is the greatest common divisor of 8 and 4184?
8
Calculate the greatest common divisor of 69 and 2254.
23
What is the greatest common factor of 271 and 1?
1
What is the highest common factor of 1024 and 16?
16
Calculate the greatest common divisor of 84 and 140.
28
Calculate the highest common divisor of 53 and 1484.
53
What is the greatest common factor of 7 and 161?
7
Calculate the highest common divisor of 3174 and 138.
138
What is the greatest common divisor of 2052 and 54?
54
Calculate the highest common divisor of 2 and 8.
2
Calcul